its digit of v(-6)?
0
Suppose 3*s + u - 145 = 0, -3*s - 4*u + 66 + 82 = 0. What is the tens digit of s?
4
Let z(w) = -w**3 + 8*w**2 - 6*w - 4. Let k be z(7). Let l = 10 - k. What is the units digit of l?
7
Let x(d) = -d**3 + 7*d**2 - 2*d - 2. Let h be x(6). Let l = 3 + h. What is the units digit of l?
5
Let p(r) = r**2 - 4*r - 13. What is the tens digit of p(-6)?
4
Let v(f) be the second derivative of f**3/6 - f**2/2 - 2*f. Let m be v(-5). What is the units digit of 28/6*m/(-4)?
7
Let k = 10 - 16. What is the units digit of (-32)/(-6) + 2/k?
5
Let f = -1 + 10. What is the units digit of f?
9
Let b(m) be the third derivative of m**5/60 - 7*m**4/24 + 5*m**3/6 - 3*m**2. What is the tens digit of b(8)?
1
Suppose 2*a + 4 + 1 = -t, 25 = 3*t - 2*a. Let j(y) = y**3 - 6*y**2 + 4*y + 5. Let s be j(t). Suppose s = 3*i - 55 + 16. What is the units digit of i?
3
Let r(q) = -q**3 + 6*q**2 + 2*q + 1. What is the tens digit of r(5)?
3
Let x(g) = -7*g - 7. Let j(u) = -u. Let v(t) = -j(t) + x(t). What is the tens digit of v(-7)?
3
Let d = 26 + 23. Let x = -28 + d. What is the tens digit of x?
2
Suppose 0 = 2*r + 4*g + 10, 17 = -r + 2*g - 7*g. Suppose 9 = 3*f, r*s - s + 3*f = 29. What is the tens digit of s?
1
What is the units digit of (-8)/36 - (-317)/9?
5
Let v(r) = -29*r**3 - r**2 - r. Let p = 6 + -7. What is the units digit of v(p)?
9
Let j be 7 + -5 + (1 - 3). Suppose j = 3*n, n = 3*k + k + 44. Let f = 1 - k. What is the units digit of f?
2
Let f be 114/(-4)*40/(-15). Let m = -46 + f. What is the units digit of m?
0
Let f be (9/(-6) - -1)*-6. Let d be (3/2)/((-6)/(-8)). Suppose d*q = f*r - 0*r + 2, q = r + 2. What is the units digit of q?
4
Let d = 643 - 376. What is the hundreds digit of d?
2
Suppose 0 = -4*u - 0*u + 764. What is the tens digit of u?
9
Suppose -124 = -q - 3*q. Suppose -21 = -4*s + q. What is the units digit of s?
3
Suppose 4*p = 0, 140 = 4*x - 2*x - 5*p. What is the units digit of x?
0
Suppose 0 = 5*v - 4*v - 167. What is the hundreds digit of v?
1
Suppose -2*f - 12 = -6*f. Suppose 0 = -d + 11 - 8. Let h = d + f. What is the units digit of h?
6
Let b = -4 - -28. What is the tens digit of b?
2
Suppose 3*j - 33 = -3*l, 4*j = -2 - 2. What is the units digit of l?
2
Suppose c - 80 = -c. What is the units digit of c?
0
Let t(s) = 2*s**2 + 5*s - 9. What is the units digit of t(-6)?
3
Let x(a) = 2*a**2 - 5*a - 11. Suppose b + 0 - 6 = 0. What is the tens digit of x(b)?
3
Suppose -s + 5*a - 174 = -5*s, 0 = -a - 2. What is the units digit of s?
6
What is the units digit of ((-342)/(-4))/(-9)*-8?
6
Let v(l) = 14*l**2 + 5*l - 1. What is the units digit of v(-2)?
5
Let i = 3 - 3. Suppose 5*j - 25 = -i*j. What is the units digit of j?
5
Suppose -18 = -4*m - 3*l, -2*l - 2 = -l. Let z = m - 0. What is the units digit of z?
6
Let j(m) be the third derivative of m**4/6 + m**3/6 - m**2. What is the tens digit of j(3)?
1
Suppose 0 = 5*s - 11 - 4. Let g(b) = b**3 - 3*b**2 + 4*b - 3. What is the units digit of g(s)?
9
Let f(p) = 4*p - 6. Let y be f(5). Let h = y - 8. Let j = h - 1. What is the units digit of j?
5
Let y(m) be the second derivative of -m**4/12 - 2*m**3/3 + 2*m. Let f be y(-3). What is the units digit of f/((-15)/12 - -2)?
4
Let k = 43 - 10. Suppose 3*c - s = c + k, 2*s = -2. Suppose 3*q - c - 5 = 0. What is the units digit of q?
7
What is the units digit of -3*2*(-15)/10?
9
Let g(k) = 3*k - 3. Suppose -6 - 2 = -4*r. Let o be g(r). What is the units digit of (o/(-9))/((-3)/9)?
1
Let b = -26 + 47. Let h = 2 - 0. Suppose f + h*f = b. What is the units digit of f?
7
Let m be (-12)/8 + (-3)/6. What is the units digit of 4 + 0 + (-1 - m)?
5
Let l(x) = -x**3. Let p be l(0). Suppose p = -4*r + k + 24, 0*r - 5*k = -4*r + 8. What is the units digit of r?
7
Suppose 0 = 5*g - g + 32. Let j be 4/g - 9/(-2). What is the units digit of j/10 + 8/5?
2
Let p be 8/12*(-2 + 35). Let m be 99/p*(-8)/6. What is the units digit of (-10)/(-4) + m/12?
2
Suppose -2*x - 88 = -3*h, -5 = 2*x - 7*x. Suppose o - 4*o = -h. What is the units digit of o?
0
Let l = 12 + -19. Let r = l - -56. What is the tens digit of r?
4
Let v(z) = -z**2 + 32*z - 20. What is the hundreds digit of v(9)?
1
Let a(o) = -o - 4. Let t be a(8). Let z = t - -23. What is the units digit of z?
1
Suppose -45 + 11 = -5*g - 3*j, -2*g + 19 = 3*j. Suppose -3*u + 2 = -2*m - 23, u - 17 = g*m. What is the units digit of u?
7
Let c = -489 + 727. What is the units digit of c?
8
Suppose 654 = -4*c + 222. What is the tens digit of (-8)/6*c/8?
1
Suppose 3*m + 24 = 159. Suppose -5*d - b + m = 2*b, 0 = -3*b. What is the units digit of d?
9
Suppose k = 5*k - 72. Suppose 6 = 4*p - k. What is the units digit of p?
6
Suppose -4*h + 80 - 228 = -4*g, 0 = -3*g + 4*h + 114. What is the units digit of g?
4
Suppose f + 12 = -50. Let x = f + 98. What is the units digit of x?
6
Let n = 20 + -11. Suppose n = 5*v + 4*j, j - 4 = -5*v + 17. What is the units digit of v?
5
Let n(g) = 2*g - 1. Let r be n(3). Suppose r*a + 2*t = -2*t + 32, -3*a + 22 = t. What is the units digit of a?
8
Let v(q) = 7*q**2 - 2*q + 1. Let m be v(1). What is the units digit of (10/m)/(5/60)?
0
Suppose 5 = 3*j - 5*s, 4*j + 2*s - 26 = -s. Suppose 2*y - j*y + 39 = 0. What is the units digit of y?
3
Let f be (-2 - -7) + -1 + -1. Suppose 32 = -f*q - q. Let h = 0 - q. What is the units digit of h?
8
Let y(j) = -j**2 - 7*j + 11. Let c = 4 - 2. Let o(z) = -2*z**2 - z + 2. Let p be o(c). What is the units digit of y(p)?
3
Let q(z) = -z**2 + 2*z + 2. Let d be q(0). Suppose -3*b - f + 54 = b, -d*b = f - 26. What is the tens digit of b?
1
Let r(c) = -c**2 - 7*c - 2. Let o be r(-6). Suppose -3 = -4*b + 5. Suppose 0 = -o*n + b*u + 55 - 19, -20 = 5*u. What is the units digit of n?
7
Suppose 4*s = -5*v + 114 + 211, 2*s + 4*v - 164 = 0. What is the units digit of s?
0
Let v(i) = -2*i - 4. Let c be v(6). Let p = -10 - c. What is the units digit of p?
6
Let f(x) = -22*x - 5. What is the tens digit of f(-3)?
6
Suppose 0 = -3*q + 5*q + 8. Let a = 6 + q. Suppose -a*x = -11 - 5. What is the units digit of x?
8
Let k = 60 - 14. What is the units digit of k?
6
Let n(o) = -2*o - 2. Suppose -2*h - 20 = 4*j, 0 = 4*j - 2*h + 5*h + 20. What is the units digit of n(j)?
8
Let p = -1 - -3. Suppose 0 = -p*a - a. Suppose a*w = -5*f + w + 60, 5*f + 4*w = 35. What is the tens digit of f?
1
Let g = -248 + 350. What is the hundreds digit of g?
1
Suppose -28*p = -26*p - 2. Suppose 28 = -0*s + 4*s. Let r = s + p. What is the units digit of r?
8
Let h = 1 + -6. Let r(w) = -4*w - 5. What is the units digit of r(h)?
5
Suppose 3*o = 4*o - 5. Suppose 3*v - 16 = g, -o*v + 4*g + 8 = -7. Suppose 0 = 3*b + 3*k - 21, 4*b - 3*k = v - 0. What is the units digit of b?
4
Let o(y) = -4*y**2 + 9*y + 7. Let c(s) = -2 + 0 + 0 - s**2 + 3. Let b(a) = 3*c(a) - o(a). What is the units digit of b(10)?
6
Let o(z) = 9*z - 7*z**2 + 2 - 2*z**3 - 2*z**3 + z. Let l(r) = r**3 - r + 1. Let v(a) = 5*l(a) + o(a). What is the units digit of v(6)?
1
Let b(p) = 11*p**2 + 3*p - 7. What is the hundreds digit of b(3)?
1
Let l(j) = -j**2 - 6*j + 10. Let n be l(-7). Suppose 2*p - 2*k = -2*p - 32, n*p - 2*k = -22. Let w(h) = -2*h - 11. What is the units digit of w(p)?
9
Suppose 103 = 5*w - 112. What is the units digit of w?
3
Suppose 2*h - 42 = 5*h. What is the units digit of 189/h*2/(-3)?
9
Suppose -4*x - 2*a = -14, -2*x + 2*a = -2*a - 22. What is the units digit of x?
5
Let h be (-6)/(-3) + (-4)/(-2). Suppose r = -2*i + 6*i + 20, 2*i - h = -3*r. Suppose r*f = 20, -4*y + 0 = -3*f - 1. What is the units digit of y?
4
Suppose -25 = -7*m + 2*m. Let w(a) = a + 3*a - 16 + 23 - 6*a**2 + a**3. What is the units digit of w(m)?
2
Suppose -4*i = -3*i + 5, -5*o = 2*i - 10. Suppose -5*f + o*d + 75 = 2*d, -3*f + 3*d = -54. What is the tens digit of f?
1
Suppose s - 6*s + 31 = -3*p, -3*s - 3*p + 9 = 0. Let h = -11 + s. Let v(o) = -2*o. What is the units digit of v(h)?
2
Let i(d) = 2*d**2 - 2*d - 1. Let a be i(-1). Suppose z + 38 = 2*l + a*l, -z + 18 = 3*l. What is the units digit of l?
7
Suppose -401 = -8*x + 455. What is the hundreds digit of x?
1
Let y(k) = 2*k - 2. Let m be -1 + 9 - 2/1. What is the units digit of y(m)?
0
Let m(l) = -l**3 + 12*l**2 - 11*l - 3. What is the hundreds digit of m(6)?
1
Suppose 96 = 5*d + 11. Let h = 20 - d. What is the